631a45
In base 4, what is 2 + -11333112333?
-11333112331
In base 9, what is -263 - 62132?
-62405
In base 6, what is -3 - 3041033210?
-3041033213
In base 13, what is -7 + -48a857?
-48a861
In base 11, what is 5 + 502642?
502647
In base 15, what is 2 - 22c3646?
-22c3644
In base 13, what is 4 - -240bb999?
240bb9a0
In base 6, what is -1320 - 320220?
-321540
In base 9, what is 3051 - 5260?
-2208
In base 4, what is 221022 - 202310?
12112
In base 5, what is 4 + 31421012020?
31421012024
In base 14, what is 1ac + -c22d?
-c061
In base 2, what is 1011000000 + 100111100001111?
101000111001111
In base 11, what is -184981 - 30?
-184a01
In base 9, what is 82 - 720178?
-720086
In base 14, what is -2894 + 3692?
bdc
In base 16, what is -2705 + -1a0e?
-4113
In base 12, what is -bb2a601 - 16?
-bb2a617
In base 12, what is -6a1b2 + -17?
-6a209
In base 2, what is 1100101 + 100100100001000000111?
100100100001001101100
In base 6, what is 100 + -25212141?
-25212041
In base 4, what is -13311 - -111122?
31211
In base 16, what is 46 - 984f8?
-984b2
In base 13, what is 2 + 101a8a1b?
101a8a20
In base 14, what is 2 - -495c8a1?
495c8a3
In base 4, what is 1330 + 1300223303?
1300231233
In base 13, what is -c + -1707935?
-1707944
In base 6, what is -10134003 - -1410?
-10132153
In base 7, what is -2422024 - -15234?
-2403460
In base 8, what is -10 + 116405305?
116405275
In base 9, what is 0 - -633804718?
633804718
In base 11, what is 478934 - 12?
478922
In base 8, what is 2 - 1137547202?
-1137547200
In base 6, what is 33242152 - 13?
33242135
In base 11, what is 16 - -13288a9a?
13289005
In base 7, what is -16411 - 26166?
-45610
In base 9, what is -1 - 16806050?
-16806051
In base 9, what is -10460 + -1033?
-11503
In base 11, what is 33 - -2452a26?
2452a59
In base 15, what is -486943b + -1?
-486943c
In base 13, what is 283942 - -266?
283ba8
In base 15, what is 32a - be46c?
-be142
In base 2, what is 1001 - -1100100000011010110?
1100100000011011111
In base 11, what is 4 + -466a09?
-466a05
In base 5, what is 213034304301 - -4?
213034304310
In base 2, what is -10111001011011000110 + 10110?
-10111001011010110000
In base 11, what is -415a7a + -233?
-416202
In base 6, what is -1 + 23340101?
23340100
In base 16, what is 1330 + -1399?
-69
In base 10, what is 102 - 4783473?
-4783371
In base 11, what is -48 + -1154673?
-1154710
In base 3, what is 20010020201 - 101200?
20002212001
In base 2, what is 100 - 1100101001001010101000011?
-1100101001001010100111111
In base 16, what is 2717 - 345c?
-d45
In base 8, what is -72271 - 165?
-72456
In base 11, what is 38199859 - 0?
38199859
In base 8, what is -4410 - -131266?
124656
In base 2, what is 11000110111 + 110000101111010100?
110001001000001011
In base 3, what is 102 + 2000212101100?
2000212101202
In base 2, what is -10000001000100010001111 + -100111110?
-10000001000100111001101
In base 6, what is 21450330 - 4?
21450322
In base 5, what is -103241 + 24303?
-23433
In base 15, what is -322 + 913b5?
91093
In base 11, what is 19 - -166a2?
16710
In base 14, what is 4bc41 + -1da?
4ba45
In base 9, what is -1854613457 + -1?
-1854613458
In base 9, what is 3 + -1175766?
-1175763
In base 12, what is -2 + -6710b6?
-6710b8
In base 14, what is 37 + -96d276?
-96d23d
In base 6, what is -114554445 - -101?
-114554344
In base 5, what is -31101 - -2033403?
2002302
In base 15, what is -b8 + -15133?
-151eb
In base 4, what is -3210 + 13211200?
13201330
In base 2, what is 11010 - 1101101011110011100010001?
-1101101011110011011110111
In base 6, what is -132 + -101035535?
-101040111
In base 10, what is 2 - 27520745?
-27520743
In base 15, what is -b5c5 + -57?
-b62c
In base 7, what is -1660020 + -445?
-1660465
In base 12, what is 20 - -228954?
228974
In base 16, what is 22bd2f5 - -2?
22bd2f7
In base 3, what is -122012 + -111100101010?
-111101000022
In base 2, what is 11111110000101 - -1010001110001?
101001111110110
In base 13, what is 2523 + 146?
2669
In base 14, what is -2321d94 + b?
-2321d87
In base 8, what is -5 - -147476?
147471
In base 14, what is 603536 - 3a?
6034da
In base 11, what is -15a + 43907?
43758
In base 8, what is -13544556 - 1?
-13544557
In base 9, what is -6 - -4331310?
4331303
In base 11, what is -6a306 + -565?
-6a870
In base 6, what is -150241 + 2302?
-143535
In base 14, what is 8a1b49 + 2?
8a1b4b
In base 16, what is -1 + -1ae2fe?
-1ae2ff
In base 14, what is 593d + 1d2?
5b31
In base 11, what is -1123a213 - -5?
-1123a209
In base 2, what is -1110111010001001100000011 - 100?
-1110111010001001100000111
In base 7, what is 2236550 + 350?
2240230
In base 15, what is -39 - -48375?
4833b
In base 13, what is 4 + -860a910?
-860a909
In base 7, what is 14201125 - 1?
14201124
In base 9, what is 5 + 1548256?
1548262
In base 2, what is 111110100 - -110001100110101011?
110001101110011111
In base 10, what is 24295 - 1007?
23288
In base 9, what is 530 + 145215?
145745
In base 10, what is 110387 - -65?
110452
In base 16, what is 255 + -147c04?
-1479af
In base 2, what is -111110110111111 - -1111001?
-111110101000110
In base 7, what is 101465636 + 4?
101465643
In base 13, what is -4 + ab318?
ab314
In base 16, what is -3a08 - 4d1?
-3ed9
In base 7, what is -6615502 + -2165?
-6621000
In base 16, what is -fc24 + -eb2?
-10ad6
In base 10, what is -1857 - 8857?
-10714
In base 5, what is 1104100 - 24034?
1030011
In base 13, what is 615b - 3aaa?
2381
In base 6, what is 33504502134 + 1?
33504502135
In base 4, what is -1023301202 - -3110?
-1023232032
In base 5, what is -10 + 110324304?
110324244
In base 6, what is 14343051 + -1?
14343050
In base 12, what is -58 - -54815?
54779
In base 8, what is 7 + 16452655?
16452664
In base 4, what is -32120 - -2102010?
2003230
In base 10, what is -899 - 31156?
-32055
In base 11, what is 3492 - -12300?
15792
In base 7, what is -6302036 + -40?
-6302106
In base 12, what is -110 - 28b3a?
-2904a
In base 14, what is -a3a20b4 + -1?
-a3a20b5
In base 6, what is 101050414 - -20?
101050434
In base 7, what is -13146545 + -43?
-13146621
In base 13, what is -1794 + -1861?
-3325
In base 10, what is -43105 + 23831?
-19274
In base 2, what is -1000011000111001101001000100 + -11?
-1000011000111001101001000111
In base 4, what is 1001223201 - 121?
1001223020
In base 15, what is -6a619e4 + -5?
-6a619e9
In base 16, what is -1b - -43fe4c?
43fe31
In base 2, what is -1011100000 - -10101101000101000?
10101011101001000
In base 13, what is -4 - 429a60?
-429a64
In base 9, what is 132484 - -325?
132820
In base 14, what is -2 - -168dc11?
168dc0d
In base 10, what is -351698 + -177?
-351875
In base 7, what is -1105 + -21654033?
-21655141
In base 13, what is 0 - -2455504?
2455504
In base 14, what is 0 - -461b97?
461b97
In base 16, what is 4 - -a16526e?
a165272
In base 5, what is -3 + 2343030020?
2343030012
In base 2, what is -110101101101111001011 - 11000101?
-110101101110010010000
In base 4, what is 231 - -1003001?
1003232
In base 14, what is 18c6 - -4b7?
1d9d
In base 7, what is -4442605552 - -4?
-4442605545
In base 5, what is -10 - 410441401403?
-410441401413
In base 4, what is 1211013002 - -110?
1211013112
In base 10, what is -1424 - -2081?
657
In base 6, what is -220 - 35540245?
-35540505
In base 16, what is 1adb3d1 - -4?
1adb3d5
In base 4, what is -201013031 - 13311?
-201033002
In base 2, what is 1 + -110001001100001010?
-110001001100001001
In base 10, what is 12311118 + 2?
12311120
In base 16, what is 0 - -230d332?
230d332
In base 6, what is -4500 + 412005?
403105
In base 16, what is 76f + cbf2?
d361
In base 14, what is -34859178 + -1?
-34859179
In base 16, what is 253 + -84a5a?
-84807
In base 3, what is -12000112101120121 - -10?
-12000112101120111
In base 3, what is -111202202202 + 12?
-111202202120
In base 9, what is 11640658 - 11?
11640647
In base 7, what is -6342 - -34002?
24330
In base 6, what is -4 - -1200321213?
1200321205
In base 16, what is -4bf - -1a78?
15b9
In base 14, what is 90d34 + 1a7?
910db
In base 3, what is 0 - -2210020120?
2210020120
In base 14, what is -30a29 + -5?
-30a30
In base 10, what is 29534 - 74?
29460
In base 11, what is -252a6 + 11?
-25295
In base 7, what is 46143 - -21500?
100643
In base 14, what is 3cd646 - -a?
3cd652
In base 15, what is -3 + -c8828e?
-c88292
In base 11, what is 56244001 - -2?
56244003
In base 8, what is 2075662 - -2?
2075664
In bas